t are the prime factors of d?
3, 5
List the prime factors of ((-132)/(-88))/((-2)/(-996)).
3, 83
Let d(z) = 7*z - 2. Let b be d(2). Suppose -3*y + b*y - 27 = 0. List the prime factors of y.
3
Let g = 5945 - 3042. What are the prime factors of g?
2903
Suppose -2414 = -4*o + 4*k + 1322, -5*k - 3736 = -4*o. What are the prime factors of o?
2, 467
Suppose -13 = -3*q - q + r, -6 = -3*q - 3*r. Suppose -7*v + 4*f + 20 = -q*v, -2*v + 3*f = -11. Suppose 3*j + 13 = v*j. List the prime factors of j.
13
Let n = -682 - -1860. List the prime factors of n.
2, 19, 31
Suppose l + 2*l = 24. Let w(m) = 10*m - 17. What are the prime factors of w(l)?
3, 7
Let q = 1068 + -594. List the prime factors of q.
2, 3, 79
Suppose 0 = c + 2*f + 2, -c + 17 = -3*f - 1. Let v = -12 - c. Let t = -3 - v. List the prime factors of t.
3, 5
Suppose 27 = -4*i + 43. Suppose 0*c = i*c - 16, -2*m + 2*c = -4. List the prime factors of m.
2, 3
Suppose -4*p - 24 = 4*m, 6*p - p = -3*m - 18. Let f = m + 10. Suppose 0*g + 12 = g - f*c, -4*c = 2*g - 48. What are the prime factors of g?
2, 5
Let x(d) = -d + 4. Let w be x(2). Let h(q) = 1 - w - 21*q + 24*q. List the prime factors of h(6).
17
Let h(w) = 109*w + 75. Let p(g) = 27*g + 19. Let z(o) = -2*h(o) + 9*p(o). Let c(r) = 5*r + 4. Let k(f) = -11*c(f) + 2*z(f). List the prime factors of k(-3).
13
Let h(b) be the second derivative of 4*b**3/3 - 5*b**2/2 + 5*b. What are the prime factors of h(8)?
59
Suppose -7*a = -173 - 3061. List the prime factors of a.
2, 3, 7, 11
Let n = 2 + 3. Suppose n*i + 122 = 2*c, -3*c = -2*i - 3*i - 183. Let h = -32 + c. What are the prime factors of h?
29
Suppose 0 = 4*c + 3*h - 17 - 237, 2*h = 3*c - 199. Suppose -4*x + 40 = 6*x. Suppose -j + c = x*j. What are the prime factors of j?
13
Let c(z) = z**2 + z + 8. Let u be c(0). Let f(o) = -o**3 + 7*o**2 - 6. Let v be f(7). Let d = u - v. List the prime factors of d.
2, 7
Suppose 67*s = 62*s + 100. Suppose -s*p + 23*p = 54. List the prime factors of p.
2, 3
Suppose 2*j = -4*b + 8366, 39*b - 25 = 44*b. List the prime factors of j.
7, 599
Let t(s) be the third derivative of -s**4/12 + 5*s**3/3 - 6*s**2. Let l be t(4). List the prime factors of 1208/72 - l/(-9).
17
Let s = -534 + 903. What are the prime factors of s?
3, 41
Let k = -168 + 508. What are the prime factors of k?
2, 5, 17
Let a(u) = u**3 + 22*u**2 - 12*u - 7. List the prime factors of a(-15).
2, 19, 23
Let v(q) = -32*q + 3. Let w be v(-2). Let n = w + -22. List the prime factors of n.
3, 5
Suppose -5*p = 4*m - 1336, 0 = m - 6 + 2. Let q = p + -180. What are the prime factors of q?
2, 3, 7
Let u = -78 + 213. List the prime factors of 18/u + 0 + (-4106)/(-30).
137
Suppose 4*j - 497 - 103 = 0. Suppose 6*h - 678 = -j. What are the prime factors of h?
2, 11
Let g be (-6)/(-33) - 40/(-22). Suppose 3*j + g*j = -90. What are the prime factors of (-1 + 2)/((-2)/j)?
3
What are the prime factors of (-5)/4 + (-3488)/(-128)?
2, 13
Let u = -181 - -271. Let t = -63 + u. Let m = 8 + t. What are the prime factors of m?
5, 7
Suppose -4*m - 67 - 34 = -t, 0 = -3*m + 3. Suppose 6*o = 7*o - t. Suppose 4*z = 3*i + o, -3*i + 135 = 4*z - 0*i. What are the prime factors of z?
2, 3, 5
Let v(n) = -2*n + 1. Let i be v(-5). Suppose 2*o = -5*c + i, 0 = -0*o - o - c + 1. List the prime factors of (-11 + -32)/(o + 1).
43
Let h(i) = i**3 - 3*i**2 + 3*i - 2. Let q be h(4). Let w = q + 34. Suppose 0 = 3*d - 0*d - w. List the prime factors of d.
2, 5
Suppose 46*z - 45*z - 224 = 0. Suppose 9*q + z = 1133. List the prime factors of q.
101
What are the prime factors of 3/(6/3592) - 616/88?
1789
Let h = 3154 - 1944. List the prime factors of h.
2, 5, 11
Suppose 0*g = -5*b + 2*g + 167, 2*g - 130 = -4*b. Suppose b = -6*w + 105. Let v(y) = y**3 - 11*y**2 - 7*y - 14. List the prime factors of v(w).
2, 23
Suppose -3*w - 2*x = 2*x - 704, w - 2*x - 238 = 0. List the prime factors of w.
2, 59
Suppose -11*a = -14*a + 2883. What are the prime factors of a?
31
Let s = 10 + -125. Let n = s - -203. What are the prime factors of n?
2, 11
Suppose -2*n + 5*n - 453 = 0. Suppose 0 = -6*o + n + 677. What are the prime factors of o?
2, 3, 23
Let l(i) = -2*i**3 - 3*i**2 + 13*i - 16. Let s(x) = x**3 - x**2 + 1. Let n(z) = l(z) + 3*s(z). List the prime factors of n(6).
5, 13
Let v be (-18)/(-6) - (3 + 0). Suppose v = 5*p - p - 12. Suppose l = -0*f - f + 9, -p = -f + 5*l. List the prime factors of f.
2
Suppose c - 427 = 3*t, 1086 + 1049 = 5*c + 2*t. Suppose -6*z - 3*b + c = -z, -3*b = -5*z + 403. List the prime factors of z.
83
Let x = 8564 - 5222. List the prime factors of x.
2, 3, 557
Suppose 32*z - 79345 - 12079 = 0. What are the prime factors of z?
2857
Let w be ((-248)/(-32))/(2/(-24)). Let q = -50 - w. List the prime factors of q.
43
Suppose -2*x + 1149 + 976 = -5*k, 0 = -x - k + 1080. List the prime factors of x.
5, 43
Suppose 0 = -6*y + 1360 + 1712. What are the prime factors of y?
2
Let v(n) = -n + 4. Let b be v(4). Suppose b = -5*u - 31 - 9. What are the prime factors of 60/9*(-36)/u?
2, 3, 5
Let f(u) = -3*u**2 + u - 5. Let w be f(-6). List the prime factors of (-1)/(-5) + w/(-5).
2, 3
List the prime factors of ((-240)/(-50))/(-2*2/(-440)).
2, 3, 11
Let s be (-9)/12 - (-11)/4. List the prime factors of 1 + (-43)/(-2)*s.
2, 11
Let t = 28 + -15. Let n = t - 6. What are the prime factors of n?
7
Let k(s) = -5*s - 12. Let r be k(-4). Suppose r*o - 630 = 850. What are the prime factors of o?
5, 37
Let c = -113 + 326. Suppose 0 = 3*m + 30 - c. What are the prime factors of m?
61
What are the prime factors of 3530/6*288/240?
2, 353
Let z be 1/((-26)/6 + 4). Let k be 1 - (-5 - z - 5). Let a = k - -26. What are the prime factors of a?
2, 17
Suppose -436 = 2*u + 4. Let x = 316 + u. Suppose x = g + 3*g. List the prime factors of g.
2, 3
Let l(i) = -2*i + 7. Let g(s) = -5*s + 15. Let t(b) = -4*g(b) + 9*l(b). Let z be t(-3). List the prime factors of 36/(2*z/(-4)).
2, 3
Let k(g) = 176*g**2 - 17*g + 10. What are the prime factors of k(3)?
1543
Suppose 3*t - 21 = -3*f, 19 = 3*t + 4*f - 0*f. Suppose 713 - 83 = t*m. List the prime factors of m.
2, 5, 7
Let r(i) = -2144*i - 182. What are the prime factors of r(-2)?
2, 2053
Let i(s) = 799*s**2 - 10*s + 11. List the prime factors of i(1).
2, 5
Let q(i) = 2*i + 2. Let j be q(0). Let d be j/(-6) + (-102)/(-9). Suppose -33 = -4*k + d. What are the prime factors of k?
11
Let j = 5198 - 2088. List the prime factors of j.
2, 5, 311
Suppose -6*u + 2*u + 68 = 0. Let a = 22 - u. What are the prime factors of a?
5
Let b = 185 - 109. Let v = 106 - b. Suppose 5*m = 10*m - v. List the prime factors of m.
2, 3
Let y(h) = 3*h**2 - 18*h + 2. Let v(n) be the first derivative of 2*n**3/3 - 17*n**2/2 + n - 2. Let k(u) = -5*v(u) + 4*y(u). List the prime factors of k(-9).
2, 3
Let w = 15 + -10. Suppose u - 52 = -w*r, 2*r + r = u - 84. Suppose -5*j + u = 7. List the prime factors of j.
13
Let a = -6 - -14. List the prime factors of 1/(a/(-212))*-4.
2, 53
Let y be 2/(-4) + (-305)/10. Let j = y + 16. What are the prime factors of 3/j - 61/(-5)?
2, 3
Let v = 609 + 1223. What are the prime factors of v?
2, 229
Let p = -4346 - -2930. What are the prime factors of p/16*(-4)/3?
2, 59
Suppose -4*k + 21 = -k. Let v = -9 + k. What are the prime factors of (v + 4)*(-3)/(-2)?
3
Let g = 9 - -365. What are the prime factors of g?
2, 11, 17
Let h = -7 - -15. Suppose -k = 3*k - h. Suppose -k*d + 7*d - 60 = 0. List the prime factors of d.
2, 3
Let o = 1 + -12. Let i be (-1)/3*(-92 - o). Let d = i + -1. What are the prime factors of d?
2, 13
Let m be ((-15)/(-6))/(-1)*4. Let g(s) = 66*s - 8 - 36*s - 32*s. What are the prime factors of g(m)?
2, 3
Let z be 0 - 6/((-9)/3). Suppose -z*f = f - 18. Let a = f + 0. List the prime factors of a.
2, 3
Let h(b) = 83*b + 36. List the prime factors of h(5).
11, 41
Let q = -28 - -30. Suppose 182 = 5*w + q. What are the prime factors of w?
2, 3
Let i(o) = 105*o**2 - 3*o - 6. List the prime factors of i(-2).
2, 3, 5, 7
Suppose 673 = 3*t + 4*h, 728 = 2*t - 5*h + 287. List the prime factors of t.
223
What are the prime factors of (-3)/(-36)*4*9 + 65?
2, 17
Suppose -2 - 50 = -2*v. Let y = 48 - v. What are the prime factors of y?
2, 11
List the prime factors of 3640/8 + (-3 - -1).
3, 151
Suppose -4*d - 64 = 2*r, 3*r - 5*r = -3*d + 43. Let 